Let t = d - x. What are the prime factors of t?
5
Let k(x) = 64*x**2 - 3*x + 20. What are the prime factors of k(3)?
587
Let q = 74 + -42. Let c = 56 - q. What are the prime factors of c - (-6)/3*2?
2, 7
Suppose 4*m + 4*d - 104 = 0, 0 = 5*m + d - 4*d - 122. Let n(j) = j**3 + 6*j**2 + 3*j - 3. Let w be n(-5). Let z = m + w. List the prime factors of z.
2
Let o(n) = -n - 2 - 3*n + 5*n - 5*n. What are the prime factors of o(-12)?
2, 23
Suppose -7*c + 18 = -c. Let b(r) = -r + 4*r - 3*r**3 + 3*r**2 + 2*r**3. List the prime factors of b(c).
3
Let x(q) = -4*q + 59. Let v be -1 - -1 - (3 + 1 + -4). What are the prime factors of x(v)?
59
Let x(d) = -d**3 + 3*d**2 + d + 4. Let a be x(-3). Let n = 2 + -2. Suppose 0 = 5*o + 4*h - a, -4*o - 5*h + 32 + 21 = n. List the prime factors of o.
7
Suppose 8*g - 3 = 29. Suppose -3*t + g*t - 8 = 0. List the prime factors of t.
2
List the prime factors of (-2)/26*-9206 + (-4)/26.
2, 3, 59
Suppose 34*p = 33*p - 4. Let n(y) = -7*y**2 - 6*y + 2. Let b(h) = 11*h**2 + 9*h - 3. Let q(c) = -5*b(c) - 8*n(c). What are the prime factors of q(p)?
3
Suppose z - 3*x = -23 - 24, -3*z + x - 117 = 0. Let u = 40 + z. List the prime factors of u.
2
Let z(q) = -2*q + 3. Let n be z(6). Let y = -1 + 19. Let k = y + n. What are the prime factors of k?
3
Let u(i) = i**3 + 11*i**2 + 19*i + 8. Let d(k) = -k**3 + 2*k - 4. Suppose -10 = -3*s - 4. Let a be d(s). List the prime factors of u(a).
2, 3
Let y be (-3 - (0 - 5)) + 0. Let w be y - ((-4)/(-1) + -2). Suppose w = j - 3*s - 39, -s + 208 = 4*j + 52. List the prime factors of j.
3, 13
Let i = 16 + -16. What are the prime factors of (2 + i)/((-8)/(-316))?
79
Let n = -173 - -70. Suppose 765 = -10*x + 5*x. Let m = n - x. What are the prime factors of m?
2, 5
List the prime factors of (0 - 1047/9)/((-18)/54).
349
Let c be 2*(27 - 4/(-2)). Let x = c - 38. Let n = 34 - x. What are the prime factors of n?
2, 7
Let i be (3/9)/((-2)/(-12)). Suppose g - 7 = -i. Suppose 1 - g = -k. What are the prime factors of k?
2
Let z = -2902 + 5187. List the prime factors of z.
5, 457
What are the prime factors of (2 - (-36)/(-15)) + (-31570)/(-50)?
631
List the prime factors of 3*1810/3 + (-16 - -16).
2, 5, 181
Suppose 0 = -4*t - 82 + 10. What are the prime factors of (3*47)/(t/(-12))?
2, 47
Suppose 4*p + 0*p = 16. Suppose 0 = -p*c + 20, -k - c = -4*k - 17. Let i = k + 6. List the prime factors of i.
2
Let q(k) = k**2 + 7*k - 11. Let u be q(-9). Suppose 12*n - u*n = 155. List the prime factors of n.
31
What are the prime factors of (-9)/((-27)/(-192))*-6?
2, 3
Suppose 649 = 5*r + 4*z, -3*r - 2*z + 392 = 3*z. What are the prime factors of r?
3, 43
Let j(g) = g. Let a(u) = 2*u**2 - u - 5. Let h(t) = -a(t) + 3*j(t). Let n be h(4). Let s(w) = -8*w - 24. List the prime factors of s(n).
2
Suppose -23*i - 1178 = -7319. What are the prime factors of i?
3, 89
Let u(c) = 3*c + 65. Let x be u(-21). Let r(j) = -j**2 - j + 7. Let s be r(-6). List the prime factors of (s/3)/(x/(-6)).
23
Let t(o) = 13*o**2 + 66*o - 339. What are the prime factors of t(6)?
3, 5, 7
Suppose -f + 464 + 533 = 0. Suppose -5*m + f + 23 = 0. Suppose m = -3*l + 7*l. What are the prime factors of l?
3, 17
What are the prime factors of (-8)/92 + 471*(-5688)/(-621)?
2, 3, 719
Suppose -34 = 5*o - a, 6*a = -3*o + 4*a - 10. Let z be (-16)/o*135/6. Suppose -2*r - d = -54, -2*r + 4*r = -4*d + z. What are the prime factors of r?
2, 13
Let p(k) = -k**2 - 4*k + 1. Let i be p(-4). Suppose m + i = -4. List the prime factors of 3/15 + (-379)/m.
2, 19
Let k(y) = y**3 - 11*y**2 - y + 11. Let w be k(11). Suppose -d - 4 = -w, -3*h = -4*d - 91. Suppose 0 = -2*b + h - 1. What are the prime factors of b?
2, 3
Suppose -107 = -r + 72. Suppose -4*m = 12, s + 51 = -4*m + r. Suppose 3*q = 8*q - s. What are the prime factors of q?
2, 7
Let x = 5 + -1. Suppose x*m = -44 - 52. Let p = 10 - m. What are the prime factors of p?
2, 17
Let f(z) = z - 7. Let a be f(5). What are the prime factors of 2 - (a/(-5) + 447/(-5))?
7, 13
Let o = -20 + 9. Let i = -11 - o. Suppose 0 = 4*n - 4*s - 44, i = 3*s - 4 - 11. List the prime factors of n.
2
Let f = -20 + 6. Let r = -22 - f. Let a(p) = p**3 + 8*p**2 - 2*p - 5. What are the prime factors of a(r)?
11
Let s = -239 - -542. List the prime factors of s.
3, 101
Suppose 48*x = -21*x + 167187. List the prime factors of x.
2423
Let v = -17 - -19. Suppose 3*l - 325 = -v*l. List the prime factors of l.
5, 13
Let k be 249/(-27) - 4/(-18). What are the prime factors of 312/30 + k/(-15)?
11
Suppose 11 = 5*d + 1. Suppose -4*p + 2*l + 510 = 0, d*p - 525 = -2*p + 5*l. What are the prime factors of p?
5
Let u(w) = -w**3 + 3*w**2 - w + 8. Let s be u(3). Suppose 0 = -s*r - 61 + 471. List the prime factors of r.
2, 41
Suppose 2*s + 26 = 80. Suppose 2*d + s = -3*w, d = -d - 5*w - 33. Let b = d - -13. List the prime factors of b.
2
Let q(n) = n**2 + 5*n - 1. Let p be q(-6). Suppose p*m = 4*f - 178, 0 = -f - 3*f + m + 170. What are the prime factors of f?
2, 3, 7
Suppose 5*l - 2*v = -91, -l - 2*v - 3*v - 29 = 0. Let z = 94 - l. What are the prime factors of z?
113
Let y(b) = 46*b**2 - 3*b - 1. Suppose 4*g + 0*i - 2*i = 12, 4*i + 14 = 3*g. List the prime factors of y(g).
3, 59
Let h(p) = -4*p**3 - 2*p**2 + 5*p + 7. What are the prime factors of h(-2)?
3, 7
Suppose -170 = -w + 324. What are the prime factors of w?
2, 13, 19
Let u = -23 + 91. Suppose -52 = -2*d + u. What are the prime factors of d?
2, 3, 5
Suppose g = 6 - 3. Let q = 5 - 2. Suppose 0 = g*h - 3*b - 27, 3*h - 2*h = -q*b - 7. List the prime factors of h.
5
Suppose 55 = 4*f + 43. Suppose -4*c + f*t = -103, -4*t + 9 = -3. What are the prime factors of c?
2, 7
Suppose 4*x - 38 = -2*o, -3*o + 33 = 2*x + 2*x. List the prime factors of ((-3)/(-2))/(x/368).
2, 23
Let r = 0 - -4. Let s be (-2)/(-4 + r + -2). What are the prime factors of -3 + s + -2 + 38?
2, 17
Suppose k - r - 13 = -5*r, k = -r + 7. Let v(g) = -g**3 + 7*g**2 + 2*g - 6. List the prime factors of v(k).
2, 3
Suppose -t - 2*t = -219. Let c = -52 + t. Let v = c - -3. What are the prime factors of v?
2, 3
Let i be 0 - (3 - 4)*-1. Let s = 4 + i. Suppose -32 = -r + s*d, -6*d + 100 = 5*r - d. What are the prime factors of r?
23
Let x = 1660 + -1174. What are the prime factors of x?
2, 3
Suppose 0 = -k - 5*j - 16, 2*k - 16 = 3*k - 3*j. Let i(a) = a**3 + 15*a**2 - 24*a - 34. List the prime factors of i(k).
2, 47
Suppose -3*b + 334 = k, -k + 6*k - 1590 = 5*b. Suppose -5*z + 2*w = -k, 0 = -3*z - 3*w + 6*w + 195. List the prime factors of z.
2
Suppose -29 = -5*x + k - 9, -4*x + k + 16 = 0. List the prime factors of ((-1)/(-3))/(x/444).
37
What are the prime factors of (1611/12)/((-50)/(-40))*5?
3, 179
Suppose -x + 3*h + 14 = h, -26 = -4*x + 2*h. Suppose -k = b - 0*k - 53, 0 = x*k + 4. What are the prime factors of b?
2, 3
Let p(u) = 1140*u + 174. What are the prime factors of p(3)?
2, 3, 599
Suppose 0 = -5*z - 3*c + 21267, -4*c + 8*c = 16. List the prime factors of z.
3, 13, 109
Let s = -130 - -408. What are the prime factors of s?
2, 139
Suppose 2*f = f + 4*i - 9, 4*f = -3*i - 36. Let p(n) = -6*n + 2. What are the prime factors of p(f)?
2, 7
Suppose 2*n = -8*n + 42640. What are the prime factors of n?
2, 13, 41
Let q(x) = -4*x**3 - 2*x - 1. Let o be q(-1). Let a(m) = -m**3 + 48*m**2 - m + 55. Let g be a(48). Suppose o*p = g*p - 54. List the prime factors of p.
3
Suppose 0 = 3*d - w + 21 - 138, -4*w + 117 = 3*d. Suppose -43 = -o - d. What are the prime factors of o?
2
Let m(s) = 2*s**2 - 3*s - 2. Let c be m(2). Suppose -2*j - 5*d = -74, c*d = -d - 2. What are the prime factors of 264/7 - (-12)/j?
2, 19
Let g be (3 - 2)/(5/25). Suppose 9 = -g*m + 29. Suppose -3*z = -m*z + 53. List the prime factors of z.
53
Let v(u) = 3*u - u - 4 + 5*u - 2*u. What are the prime factors of v(5)?
3, 7
Suppose -z + 1732 = c, 9*z + 8672 = 5*c + 8*z. List the prime factors of c.
2, 3, 17
Let l = -148 - 168. Let h = 456 + l. What are the prime factors of h?
2, 5, 7
Suppose 6*n = 18 - 0. Suppose -5*z + 496 = -n*z. What are the prime factors of z?
2, 31
Let r = -6 + 6. What are the prime factors of r + (2 - 3) + 72?
71
Let i(m) = 3*m**2 + 9*m + 2. Let w(a) = 7*a**2 + 19*a + 4. Let f(t) = -5*i(t) + 2*w(t). Let q be f(-4). Suppose q = 4*z - 10. List the prime factors of z.
5
Suppose 